a) = 0*a - 5*a - 8 + 3*a + 6. What is m(4)?
-10
Let w(f) = -f**2 - f + 5. Let m be (-17)/34 - 26/(-4). Suppose 0 = -3*p + m*c - c - 5, -2 = -p - 2*c. What is w(p)?
5
Let r(i) be the third derivative of i**6/120 - i**5/12 - 5*i**4/24 + 5*i**3/6 + 17*i**2 - 11. Calculate r(4).
-31
Suppose -4 = -h - 0*h. Suppose -h*b = 5*u - 5, -4*u + b - 2*b = -4. Let f(v) = 295*v. Let t(y) = -21*y. Let r(p) = -6*f(p) - 85*t(p). Calculate r(u).
15
Let y(h) = -h**2 + 10*h + 2. Let w(v) = 4*v**3 - v**2 - 3*v + 1. Let x be w(2). Let d = 33 - x. Calculate y(d).
2
Let d(x) be the first derivative of x**5/120 + x**4/24 + 5*x**3/3 + 2. Let f(y) be the third derivative of d(y). Determine f(-8).
-7
Let n(v) = -9*v + 6 + 0 - 3 - 2. Let x(y) = 27*y - 3. Let l(q) = 8*n(q) + 3*x(q). What is l(-1)?
-10
Let b(c) = -1 - 4*c**2 - 11*c + 15*c + 6*c. Let f(j) = -9*j**2 + 21*j - 1. Let n(m) = -7*b(m) + 3*f(m). Determine n(5).
-6
Let f = -266 - -136. Let r be f/(-25) - (-4)/(-20). Let u(z) = 2*z + 1. Let k(l) = -4*l - 3. Let d(q) = 2*k(q) + 5*u(q). What is d(r)?
9
Let z(l) be the second derivative of -l**4/12 + 5*l**3/3 - 19*l**2/2 + 362*l. Give z(5).
6
Let z(j) = -5*j + 1. Let l be z(2). Let d = l + 8. Let p = d + 6. Let n(a) = a**3 - 5*a**2 + a + 1. Give n(p).
6
Let m = 1375 + -1380. Let a(y) = -2*y**2 - 5*y + 2. Determine a(m).
-23
Let l = -106 - -100. Let k(w) = 6*w**2 - 3*w - 8. Let j(z) = -z**2 + z. Let f(m) = -5*j(m) - k(m). What is f(l)?
-16
Let d(t) be the third derivative of t**6/60 - t**5/60 + 21*t**2. What is d(1)?
1
Let t be ((-4)/(-6))/(7/(-21)). Let a(n) = 464*n + 2 + 458*n + 0 - 921*n - 4. Calculate a(t).
-4
Let m(f) be the second derivative of 5*f**3/6 - 9*f**2 + 40*f. Let g(p) = -p + 1. Let n(j) = -6*g(j) - m(j). Determine n(-6).
6
Let c(r) = r**2 - 6*r - 3. Suppose -5*g + 24 = -2*y, 2*y = 3*g - 18 + 2. Suppose -26 = -2*u + 8*l - 3*l, 0 = -4*u - 5*l - 8. Let d = u + g. Determine c(d).
4
Let l(n) = 4*n - 25. Let t(j) = -2*j + 12. Let d(x) = 3*l(x) + 7*t(x). Determine d(8).
-7
Let t be ((-182)/(-21) + -8)*6/(-4). Let p(u) = -3*u - 2*u + 4*u + 4*u**2 + 1 + 3*u. Determine p(t).
3
Let f = 65 - 65. Let r(m) = m**2 + 19 - 456*m + 456*m. Determine r(f).
19
Let i(g) = 12434 - 24862 + 12441 - 5*g. Calculate i(5).
-12
Suppose -5*x - 38 = -5*c + c, -2*c = 5*x - 4. Let g be (-3)/(2/(-2)) - (c + -4). Let m(o) = -1 - o - 4 - 1. Give m(g).
-6
Let b(h) = -2*h + 2. Let f = 23 + -41. Let o = f + 34. Suppose -o = q + 3*q. What is b(q)?
10
Let i(o) = -o**2 + o + 13. Let g(z) = -z**2 + 3*z + 15. Let n(r) = 5*g(r) - 6*i(r). Calculate n(-5).
-23
Let s(w) be the first derivative of -2*w**3/3 + 3*w**2/2 + 4*w - 2. Let a(j) = j**2 + 12*j + 14. Suppose -v + 44 = -5*v. Let c be a(v). Calculate s(c).
-5
Let z(l) = l**3 + 6*l**2 + 4*l - 4. Let o = 31 - 21. Suppose o = -7*d - 18. What is z(d)?
12
Let a(q) = 205*q + 140. Let j(o) = -34*o - 24. Let c(k) = -6*a(k) - 35*j(k). Calculate c(1).
-40
Let c(s) = 4 + 4*s - 2*s + 3*s. Let z be (2 + 0)/(7/(-14)). Let d(b) = 4*b + 3. Let f(t) = z*d(t) + 3*c(t). What is f(-1)?
1
Suppose -122*f = -135*f + 26. Let a(c) = -13*c**2 + c + 2. What is a(f)?
-48
Let p(g) be the third derivative of -7*g**5/60 - g**4/4 + g**3/2 - 22*g**2. Let i(a) = 4*a**2 + 3*a - 1. Let c(s) = -5*i(s) - 3*p(s). Give c(-5).
6
Let r(o) = 2*o - 8. Let z = -28 + 36. Let n be z/2 + -2 + -7. Let h(v) = -v + 2. Let t be h(n). Give r(t).
6
Let v(n) = n - 10. Let p be -7 - -3 - -12 - 1. Determine v(p).
-3
Let n(r) = 3*r + 19. Let w be 2/(9/((-108)/15) - -1). What is n(w)?
-5
Suppose 2*c = 1 + 3. Let t be 0/(0 + c + 1). Let m(v) be the second derivative of -v**3/6 + v**2 + v + 15. Calculate m(t).
2
Let j(k) be the first derivative of -k**2 + 10*k + 25. Give j(9).
-8
Let i be ((-3)/(-9)*-1)/((-7)/126). Let o(w) = -13*w**2 + 3*w**3 - 8*w**2 - 4*w**3 + 20*w**2 + i + w. What is o(0)?
6
Let o be -1*(-5 - -4)*(1 - 0). Let w(u) = -6*u**2 - 12*u + 5. Let i(t) = t**2 + t - 1. Let v(r) = o*w(r) + 5*i(r). Calculate v(-7).
0
Let w(h) = -h. Let p be 1731/13 - 22/143. Let g = p - 133. What is w(g)?
0
Let t(v) = 2*v**2 + 14*v + 2. Let l be t(-7). Let d(k) = k**3 + k**2 + 4*k + 3. Let i(q) = -5*q**3 - 5*q**2 - 17*q - 13. Let n(g) = 9*d(g) + 2*i(g). Give n(l).
-7
Let j(w) = 40*w**3 + 2*w**2 - 3*w. Let b(v) = -117*v**3 - 5*v**2 + 8*v. Let l(d) = -4*b(d) - 11*j(d). Calculate l(1).
27
Let v(f) be the second derivative of -f**4/12 + 4*f**3/3 - 5*f**2 + f + 18. What is v(8)?
-10
Let n be 2 - (-8 + 2 + 3 + -2). Let s(m) = -6*m**2 - 4*m + 9. Let v(d) = -5*d**2 - 3*d + 8. Let a(k) = n*v(k) - 6*s(k). What is a(-4)?
6
Suppose -w - w + 2 = 0. Let o(b) = -16*b**2 - 4*b + 5. Let x(k) = 12*k**2 + 6 - 7*k**2 - 2*k**2 - 5*k - 19*k**2. Let h(j) = 7*o(j) - 6*x(j). What is h(w)?
-15
Let m = 38 - 35. Let o(f) = f**3 - f + 1. Let h(c) = -c. Let u be h(1). Let j(b) = 2*b**3 + 4*b**2 - 6*b + 5. Let z(l) = u*j(l) + 3*o(l). Determine z(m).
-2
Suppose 2*l - m = 0, -l - 2*m = 3*m - 22. Let k = l + 1. Let z(w) = -w - 1. Calculate z(k).
-4
Let c(n) = -84*n - 76*n + 247*n + 4 - 83*n. Calculate c(-3).
-8
Let n(u) = 0*u**3 + 3*u - u**3 + 3*u**2 + 8 - u**3. Let t(v) = -v**3 + 2*v**2 + v + 4. Let m(o) = -2*n(o) + 5*t(o). Determine m(4).
0
Let d(c) be the third derivative of 2/3*c**3 - 1/30*c**5 + 9*c**2 + 0*c + 0 + 1/12*c**4. Determine d(3).
-8
Let m(s) = 9 + 1 + 5 - 2 - 3*s. Let g be m(-14). Let y(n) = g + 0*n**3 - n**3 - 54 + n. Determine y(0).
1
Suppose -3*z - 20 = -8. Let j(d) = d**2 + 5*d + 8. Give j(z).
4
Let f(s) be the third derivative of s**8/6720 + s**7/280 + s**6/80 + s**5/40 - s**4/6 + 7*s**2. Let w(h) be the second derivative of f(h). Calculate w(-8).
-5
Let r(y) = -7*y**2 + 5. Let s(t) = -10*t**2 + t + 6. Let b(u) = -3*r(u) + 2*s(u). Give b(2).
5
Let i(d) = d**2 - 5*d + 3. Let w = -1801 + 1805. What is i(w)?
-1
Let v be (-10)/25 + 18*8/10. Let i be 3 - v/6*3. Let d(a) = -2*a**2 - 7*a - 6. Determine d(i).
-10
Let p(v) = v**2 + 3*v + 2. Let i(h) = -7*h**2 - 6*h - 10. Let b be i(-3). Let l be b/33 - 2/6. Give p(l).
0
Let x(n) = n + 8. Let j be x(-5). Let b(z) = -2*z**2 - z - 3*z**2 + 0*z + j*z**2 + 1. Calculate b(1).
-2
Let h(p) = -p**2 + 8*p - 13. Let j(w) be the third derivative of w**5/60 - w**4/6 + w**3 + 24*w**2. Let o(i) = -2*h(i) - 5*j(i). Give o(3).
-19
Let g(f) = -10 + 3*f + 5 + 5. Suppose -o + 4 = -2. What is g(o)?
18
Let c = 703 + -708. Let f(g) = -g**3 - 4*g**2 + 4*g - 5. What is f(c)?
0
Let l(u) = 38866 - 4*u**3 - u**2 - 38863 + 3*u**3 + 4*u. Determine l(-2).
-1
Let o(d) = d**3 + 4*d**2 + 3*d + 3. Let i = 17 - 17. Suppose i = -4*t + 4, -g - 2*t + 2 = 4. What is o(g)?
-9
Suppose 9 = 2*d + g + 2*g, 0 = 2*d - 3*g - 3. Let u(a) = a**3 + 4*a**2 - a - d*a - 7*a**2. Let y be (-2 + -1)*(-4)/3. Determine u(y).
0
Let b(d) = 4*d - 13. Let h be b(4). Let u(n) = 6*n + n**2 + 4*n**3 - 3*n**2 + 1 - 3*n**h - 5*n**2. Determine u(6).
1
Let v(k) be the second derivative of -k**4/6 + 2*k**3/3 + k**2/2 - 3*k. Suppose -20*q + 18*q + 68 = 0. Let b = 37 - q. Give v(b).
-5
Let k be 21/12 + 3/12. Suppose 3*h + 29 = 2*q, k*q - h = -4*h - 1. Let c(f) = f**2 - 9*f + 7. What is c(q)?
-7
Suppose 8 = 4*z - 0*z. Let f(u) = 5*u**z - 190*u + u**3 + 195*u + 0*u**2. Give f(-4).
-4
Let w(g) be the second derivative of -g**7/2520 - 7*g**6/720 - g**5/30 + 3*g**4/2 + 22*g. Let x(j) be the third derivative of w(j). Give x(-5).
6
Suppose -2*z + 6*z = -3*o - 1, 0 = -5*z - 5*o. Let c = -15 - -17. Let j(b) = 1 - 14*b**2 - c + 15*b**2. Determine j(z).
0
Let s = 129 - 124. Let l(d) be the third derivative of d**4/24 - 4*d**3/3 + 6*d**2. Determine l(s).
-3
Let v(k) = 0 + 13866*k**3 + k - 13868*k**3 + 0. Calculate v(-1).
1
Let q(l) be the first derivative of 3*l**4/4 + l**3 - 3*l**2/2 + 3*l + 336. Give q(-3).
-42
Let b(t) = 98 - 4*t + t**3 + 6*t - t - 101. Determine b(0).
-3
Let p(z) = 2*z - z - 3*z**2 - 2*z + 1 + z**3. Let w(f) = f**2 - 6*f + 7. Let c be w(5). Suppose 3*l = 3*d + d + 22, 2 = -3*l - c*d. Give p(l).
-5
Let s = -58 + 51. Let d(t) = 4*t + 4. Determine d(s).
-24
Let k(h) = -5*h**2 + 6*h. Let n(p) = 22*p**2 - 24*p + 1. Let w(d) = -9*k(d) - 2*n(d). Give w(3).
-11
Let w(j) be the third derivative of -j**6/120 + 11*j**5/60 - 3*j**4/8 + 2*j**3 - j**2 - 18. Calculate w(10).
22
Let j(z) be the first derivative of z**6/120 + z**5/15 - z**4/12 - z**3 + 13*z**2/2 